ided by 126?
44
Calculate the remainder when 11457 is divided by 3216.
1809
What is the remainder when 727303291 is divided by 1928?
1923
Calculate the remainder when 275949 is divided by 1018.
71
What is the remainder when 187402 is divided by 465?
7
What is the remainder when 284131976 is divided by 95?
86
Calculate the remainder when 1983248 is divided by 330540.
8
What is the remainder when 2938693 is divided by 73467?
13
Calculate the remainder when 20150396 is divided by 600.
596
Calculate the remainder when 1372853 is divided by 494.
27
What is the remainder when 21318231 is divided by 57?
3
What is the remainder when 1478894090 is divided by 26?
24
What is the remainder when 296591 is divided by 26?
9
What is the remainder when 84255 is divided by 5613?
60
What is the remainder when 317751 is divided by 183?
63
What is the remainder when 79846 is divided by 39307?
1232
What is the remainder when 23818 is divided by 358?
190
Calculate the remainder when 2177209 is divided by 161.
6
What is the remainder when 15238358 is divided by 2539725?
8
Calculate the remainder when 226475149 is divided by 12581952.
13
Calculate the remainder when 3341906 is divided by 5453.
4670
Calculate the remainder when 1072123 is divided by 119097.
250
What is the remainder when 128267 is divided by 1645?
1602
Calculate the remainder when 82754 is divided by 336.
98
Calculate the remainder when 525574 is divided by 1428.
70
Calculate the remainder when 66444722 is divided by 7382744.
26
Calculate the remainder when 87085947 is divided by 502.
493
Calculate the remainder when 3805559 is divided by 341.
340
What is the remainder when 8193974 is divided by 1606?
162
What is the remainder when 370765 is divided by 984?
781
Calculate the remainder when 67121 is divided by 11003.
1103
What is the remainder when 20386 is divided by 1913?
1256
Calculate the remainder when 215603 is divided by 187.
179
Calculate the remainder when 79961 is divided by 7989.
71
What is the remainder when 9502338 is divided by 25?
13
What is the remainder when 922593746 is divided by 1379?
1376
What is the remainder when 1358090 is divided by 1357978?
112
Calculate the remainder when 513009 is divided by 5079.
30
What is the remainder when 1144243 is divided by 12?
7
Calculate the remainder when 26684 is divided by 8855.
119
Calculate the remainder when 4032292 is divided by 802.
638
Calculate the remainder when 25924 is divided by 971.
678
What is the remainder when 68052875 is divided by 12371?
4
What is the remainder when 84074 is divided by 2226?
1712
What is the remainder when 307703 is divided by 102293?
824
What is the remainder when 1542507 is divided by 771215?
77
What is the remainder when 11385790 is divided by 1188?
1186
Calculate the remainder when 272312 is divided by 1735.
1652
What is the remainder when 47547644 is divided by 768?
764
Calculate the remainder when 23960 is divided by 2153.
277
What is the remainder when 2506238 is divided by 979?
977
What is the remainder when 872498 is divided by 2285?
1913
What is the remainder when 399671 is divided by 30736?
103
What is the remainder when 11784034 is divided by 3884?
3862
Calculate the remainder when 2343299 is divided by 243.
50
Calculate the remainder when 142562 is divided by 1230.
1112
What is the remainder when 1962629 is divided by 14?
11
Calculate the remainder when 13306854 is divided by 2661354.
84
Calculate the remainder when 42931732 is divided by 4344.
4324
What is the remainder when 3200331 is divided by 22221?
507
Calculate the remainder when 1123674 is divided by 479.
419
What is the remainder when 93450 is divided by 1699?
5
Calculate the remainder when 77680147 is divided by 667.
660
Calculate the remainder when 16343181 is divided by 2268.
2241
Calculate the remainder when 3472628 is divided by 267099.
341
What is the remainder when 63150191 is divided by 278?
267
Calculate the remainder when 448304 is divided by 589.
75
What is the remainder when 41039 is divided by 593?
122
Calculate the remainder when 167143 is divided by 4006.
2897
Calculate the remainder when 538442 is divided by 1754.
1718
What is the remainder when 4094911 is divided by 109?
108
What is the remainder when 740300 is divided by 369761?
778
What is the remainder when 3443279 is divided by 91?
21
What is the remainder when 97849547 is divided by 143?
81
What is the remainder when 1567995 is divided by 353?
322
Calculate the remainder when 1964924 is divided by 501.
2
Calculate the remainder when 832490 is divided by 8242.
48
What is the remainder when 4888384 is divided by 2222?
2206
Calculate the remainder when 204871 is divided by 28337.
6512
Calculate the remainder when 15705 is divided by 392.
25
Calculate the remainder when 1625414 is divided by 1625407.
7
Calculate the remainder when 5039396 is divided by 24697.
1208
What is the remainder when 400814 is divided by 792?
62
What is the remainder when 70328 is divided by 23136?
920
Calculate the remainder when 1250629 is divided by 1875.
4
What is the remainder when 3336867 is divided by 15666?
9
Calculate the remainder when 1027520 is divided by 34236.
440
What is the remainder when 1595752 is divided by 16283?
18
Calculate the remainder when 21581162 is divided by 60.
2
Calculate the remainder when 744953 is divided by 248257.
182
Calculate the remainder when 167844 is divided by 8833.
17
Calculate the remainder when 1436718 is divided by 278.
14
What is the remainder when 1257972 is divided by 419305?
57
What is the remainder when 429829 is divided by 39066?
103
What is the remainder when 12232578 is divided by 1816?
2
What is the remainder when 1703945 is divided by 362?
11
Calculate the remainder when 354212 is divided by 12613.
1048
What is the remainder when 3028382 is divided by 23?
18
Calculate the remainder when 75590824 is divided by 1231.
38
Calculate the remainder when 104803 is divided by 118.
19
What is the remainder when 447419 is divided by 223703?
13
Calculate the remainder when 77301610 is divided by 64418.
10
Calculate the remainder when 500935 is divided by 3274.
13
Calculate the remainder when 6946802 is divided by 8651.
49
What is the remainder when 10452042 is divided by 246?
240
What is the remainder when 1738384 is divided by 434596?
0
What is the remainder when 195985842 is divided by 29?
14
What is the remainder when 3487944 is divided by 333?
102
What is the remainder when 205063 is divided by 197989?
7074
What is the remainder when 20049018 is divided by 4005?
3993
Calculate the remainder when 316887 is divided by 28797.
120
Calculate the remainder when 29956296 is divided by 82072.
16
What is the remainder when 443808 is divided by 6487?
2692
Calculate the remainder when 6963980 is divided by 1160662.
8
Calculate the remainder when 8893844 is divided by 1318.
1298
Calculate the remainder when 29455 is divided by 3685.
3660
What is the remainder when 3320567 is divided by 1660278?
11
What is the remainder when 2459150 is divided by 259?
204
Calculate the remainder when 4261198 is divided by 13.
6
What is the remainder when 8128542 is divided by 114?
0
Calculate the remainder when 27919042 is divided by 77.
74
What is the remainder when 5664166 is divided by 2811?
1
What is the remainder when 866650 is divided by 312?
226
Calculate the remainder when 43008674 is divided by 477874.
14
What is the remainder when 1557690 is divided by 112?
106
Calculate the remainder when 55343110 is divided by 12.
10
What is the remainder when 638610 is divided by 94?
68
What is the remainder when 134426781 is divided by 9601912?
13
Calculate the remainder when 7754320 is divided by 778.
772
What is the remainder when 1039841 is divided by 345?
11
What is the remainder when 167723 is divided by 23898?
437
Calculate the remainder when 4816752 is divided by 2381.
2370
Calculate the remainder when 273670 is divided by 6341.
1007
What is the remainder when 22466891 is divided by 12?
11
What is the remainder when 203998 is divided by 99963?
4072
Calculate the remainder when 60908 is divided by 9792.
2156
Calculate the remainder when 2336645 is divided by 4121.
38
Calculate the remainder when 3175513 is divided by 3329.
2976
What is the remainder when 18362950 is divided